{"id":988,"date":"2019-06-06T03:46:11","date_gmt":"2019-06-06T03:46:11","guid":{"rendered":"http:\/\/fundacionluisanderson.org\/?page_id=988"},"modified":"2019-06-06T03:50:29","modified_gmt":"2019-06-06T03:50:29","slug":"publicaciones","status":"publish","type":"page","link":"https:\/\/fundacionluisanderson.org\/index.php\/publicaciones\/","title":{"rendered":"Publicaciones"},"content":{"rendered":"<p>[vc_row][vc_column][\/vc_column][\/vc_row][vc_row][vc_column]<div class=\"td_block_wrap td_block_21 td_uid_2_69ef70a063d20_rand td-pb-border-top td_block_template_1 td-column-1\"  data-td-block-uid=\"td_uid_2_69ef70a063d20\" ><script>var block_td_uid_2_69ef70a063d20 = new tdBlock();\nblock_td_uid_2_69ef70a063d20.id = \"td_uid_2_69ef70a063d20\";\nblock_td_uid_2_69ef70a063d20.atts = '{\"category_id\":\"13\",\"separator\":\"\",\"custom_title\":\"\",\"custom_url\":\"\",\"block_template_id\":\"\",\"m16_tl\":\"\",\"m16_el\":\"\",\"post_ids\":\"\",\"category_ids\":\"\",\"tag_slug\":\"\",\"autors_id\":\"\",\"installed_post_types\":\"\",\"sort\":\"\",\"limit\":\"5\",\"offset\":\"\",\"el_class\":\"\",\"td_ajax_filter_type\":\"\",\"td_ajax_filter_ids\":\"\",\"td_filter_default_txt\":\"All\",\"td_ajax_preloading\":\"\",\"f_header_font_header\":\"\",\"f_header_font_title\":\"Block header\",\"f_header_font_settings\":\"\",\"f_header_font_family\":\"\",\"f_header_font_size\":\"\",\"f_header_font_line_height\":\"\",\"f_header_font_style\":\"\",\"f_header_font_weight\":\"\",\"f_header_font_transform\":\"\",\"f_header_font_spacing\":\"\",\"f_header_\":\"\",\"f_ajax_font_title\":\"Ajax categories\",\"f_ajax_font_settings\":\"\",\"f_ajax_font_family\":\"\",\"f_ajax_font_size\":\"\",\"f_ajax_font_line_height\":\"\",\"f_ajax_font_style\":\"\",\"f_ajax_font_weight\":\"\",\"f_ajax_font_transform\":\"\",\"f_ajax_font_spacing\":\"\",\"f_ajax_\":\"\",\"f_more_font_title\":\"Load more button\",\"f_more_font_settings\":\"\",\"f_more_font_family\":\"\",\"f_more_font_size\":\"\",\"f_more_font_line_height\":\"\",\"f_more_font_style\":\"\",\"f_more_font_weight\":\"\",\"f_more_font_transform\":\"\",\"f_more_font_spacing\":\"\",\"f_more_\":\"\",\"m16f_title_font_header\":\"\",\"m16f_title_font_title\":\"Article title\",\"m16f_title_font_settings\":\"\",\"m16f_title_font_family\":\"\",\"m16f_title_font_size\":\"\",\"m16f_title_font_line_height\":\"\",\"m16f_title_font_style\":\"\",\"m16f_title_font_weight\":\"\",\"m16f_title_font_transform\":\"\",\"m16f_title_font_spacing\":\"\",\"m16f_title_\":\"\",\"m16f_cat_font_title\":\"Article category tag\",\"m16f_cat_font_settings\":\"\",\"m16f_cat_font_family\":\"\",\"m16f_cat_font_size\":\"\",\"m16f_cat_font_line_height\":\"\",\"m16f_cat_font_style\":\"\",\"m16f_cat_font_weight\":\"\",\"m16f_cat_font_transform\":\"\",\"m16f_cat_font_spacing\":\"\",\"m16f_cat_\":\"\",\"m16f_meta_font_title\":\"Article meta info\",\"m16f_meta_font_settings\":\"\",\"m16f_meta_font_family\":\"\",\"m16f_meta_font_size\":\"\",\"m16f_meta_font_line_height\":\"\",\"m16f_meta_font_style\":\"\",\"m16f_meta_font_weight\":\"\",\"m16f_meta_font_transform\":\"\",\"m16f_meta_font_spacing\":\"\",\"m16f_meta_\":\"\",\"m16f_ex_font_title\":\"Article excerpt\",\"m16f_ex_font_settings\":\"\",\"m16f_ex_font_family\":\"\",\"m16f_ex_font_size\":\"\",\"m16f_ex_font_line_height\":\"\",\"m16f_ex_font_style\":\"\",\"m16f_ex_font_weight\":\"\",\"m16f_ex_font_transform\":\"\",\"m16f_ex_font_spacing\":\"\",\"m16f_ex_\":\"\",\"ajax_pagination\":\"\",\"ajax_pagination_infinite_stop\":\"\",\"css\":\"\",\"tdc_css\":\"\",\"td_column_number\":1,\"header_color\":\"\",\"color_preset\":\"\",\"border_top\":\"\",\"class\":\"td_uid_2_69ef70a063d20_rand\",\"tdc_css_class\":\"td_uid_2_69ef70a063d20_rand\",\"tdc_css_class_style\":\"td_uid_2_69ef70a063d20_rand_style\"}';\nblock_td_uid_2_69ef70a063d20.td_column_number = \"1\";\nblock_td_uid_2_69ef70a063d20.block_type = \"td_block_21\";\nblock_td_uid_2_69ef70a063d20.post_count = \"5\";\nblock_td_uid_2_69ef70a063d20.found_posts = \"6\";\nblock_td_uid_2_69ef70a063d20.header_color = \"\";\nblock_td_uid_2_69ef70a063d20.ajax_pagination_infinite_stop = \"\";\nblock_td_uid_2_69ef70a063d20.max_num_pages = \"2\";\ntdBlocksArray.push(block_td_uid_2_69ef70a063d20);\n<\/script><div class=\"td-block-title-wrap\"><\/div><div id=td_uid_2_69ef70a063d20 class=\"td_block_inner\">\r\n        <div class=\"td_module_16 td_module_wrap td-animation-stack\">\r\n            <div class=\"td-module-thumb\"><a href=\"https:\/\/fundacionluisanderson.org\/index.php\/2021\/12\/10\/desaparicion-fisica-de-nuestro-amigo-luigi-cal\/\" rel=\"bookmark\" class=\"td-image-wrap\" title=\"Desaparici\u00f3n f\u00edsica de nuestro amigo Luigi Cal\"><img loading=\"lazy\" decoding=\"async\" width=\"150\" height=\"150\" class=\"entry-thumb\" src=\"https:\/\/fundacionluisanderson.org\/wp-content\/uploads\/2021\/12\/WhatsApp-Image-2021-12-10-at-10.06.45-AM-150x150.jpeg\" srcset=\"https:\/\/fundacionluisanderson.org\/wp-content\/uploads\/2021\/12\/WhatsApp-Image-2021-12-10-at-10.06.45-AM-150x150.jpeg 150w, https:\/\/fundacionluisanderson.org\/wp-content\/uploads\/2021\/12\/WhatsApp-Image-2021-12-10-at-10.06.45-AM-300x300.jpeg 300w, https:\/\/fundacionluisanderson.org\/wp-content\/uploads\/2021\/12\/WhatsApp-Image-2021-12-10-at-10.06.45-AM-400x400.jpeg 400w\" sizes=\"(max-width: 150px) 100vw, 150px\" alt=\"\" title=\"Desaparici\u00f3n f\u00edsica de nuestro amigo Luigi Cal\"\/><\/a><\/div>\r\n            <div class=\"item-details\">\r\n                <h3 class=\"entry-title td-module-title\"><a href=\"https:\/\/fundacionluisanderson.org\/index.php\/2021\/12\/10\/desaparicion-fisica-de-nuestro-amigo-luigi-cal\/\" rel=\"bookmark\" title=\"Desaparici\u00f3n f\u00edsica de nuestro amigo Luigi Cal\">Desaparici\u00f3n f\u00edsica de nuestro amigo Luigi Cal<\/a><\/h3>\r\n                <div class=\"td-module-meta-info\">\r\n                                        <span class=\"td-post-author-name\"><a href=\"https:\/\/fundacionluisanderson.org\/index.php\/author\/fundacion\/\">Fundacion Luis Anderson<\/a> <span>-<\/span> <\/span>                    <span class=\"td-post-date\"><time class=\"entry-date updated td-module-date\" datetime=\"2021-12-10T18:21:20+00:00\" >10 diciembre, 2021<\/time><\/span>                    <div class=\"td-module-comments\"><a href=\"https:\/\/fundacionluisanderson.org\/index.php\/2021\/12\/10\/desaparicion-fisica-de-nuestro-amigo-luigi-cal\/#respond\">0<\/a><\/div>                <\/div>\r\n\r\n                <div class=\"td-excerpt\">\r\n                    Nuestro compa\u00f1ero, nuestro amigo y hermano Luigi Cal ha pasado el l\u00edmite de la vida.\r\n\r\nUn hombre \u00edntegro, gran representante del movimiento sindical italiano e...                <\/div>\r\n            <\/div>\r\n\r\n        <\/div>\r\n\r\n        \r\n        <div class=\"td_module_16 td_module_wrap td-animation-stack\">\r\n            <div class=\"td-module-thumb\"><a href=\"https:\/\/fundacionluisanderson.org\/index.php\/2020\/07\/07\/desaparicion-fisica-del-companero-mariano-negron\/\" rel=\"bookmark\" class=\"td-image-wrap\" title=\"Desaparici\u00f3n F\u00edsica del compa\u00f1ero Mariano Negr\u00f3n\"><img decoding=\"async\" width=\"\" height=\"\" class=\"entry-thumb\" src=\"https:\/\/fundacionluisanderson.org\/wp-content\/themes\/Newspaper\/images\/no-thumb\/thumbnail.png\" alt=\"\"\/><\/a><\/div>\r\n            <div class=\"item-details\">\r\n                <h3 class=\"entry-title td-module-title\"><a href=\"https:\/\/fundacionluisanderson.org\/index.php\/2020\/07\/07\/desaparicion-fisica-del-companero-mariano-negron\/\" rel=\"bookmark\" title=\"Desaparici\u00f3n F\u00edsica del compa\u00f1ero Mariano Negr\u00f3n\">Desaparici\u00f3n F\u00edsica del compa\u00f1ero Mariano Negr\u00f3n<\/a><\/h3>\r\n                <div class=\"td-module-meta-info\">\r\n                                        <span class=\"td-post-author-name\"><a href=\"https:\/\/fundacionluisanderson.org\/index.php\/author\/fundacion\/\">Fundacion Luis Anderson<\/a> <span>-<\/span> <\/span>                    <span class=\"td-post-date\"><time class=\"entry-date updated td-module-date\" datetime=\"2020-07-07T20:36:23+00:00\" >7 julio, 2020<\/time><\/span>                    <div class=\"td-module-comments\"><a href=\"https:\/\/fundacionluisanderson.org\/index.php\/2020\/07\/07\/desaparicion-fisica-del-companero-mariano-negron\/#respond\">0<\/a><\/div>                <\/div>\r\n\r\n                <div class=\"td-excerpt\">\r\n                    La Fundaci\u00f3n Luis Anderson lamenta profundamente la desaparici\u00f3n f\u00edsica del compa\u00f1ero Mariano Negr\u00f3n. Expresamos nuestro p\u00e9same a su familia y al movimiento sindical por...                <\/div>\r\n            <\/div>\r\n\r\n        <\/div>\r\n\r\n        \r\n        <div class=\"td_module_16 td_module_wrap td-animation-stack\">\r\n            <div class=\"td-module-thumb\"><a href=\"https:\/\/fundacionluisanderson.org\/index.php\/2019\/10\/21\/articulo-oit-america-latina-y-la-oit-indagar-el-pasado-para-entender-el-futuro-del-trabajo\/\" rel=\"bookmark\" class=\"td-image-wrap\" title=\"ARTICULO: OIT &#8211; Am\u00e9rica Latina y la OIT: indagar el pasado para entender el futuro del trabajo\"><img decoding=\"async\" width=\"\" height=\"\" class=\"entry-thumb\" src=\"https:\/\/fundacionluisanderson.org\/wp-content\/themes\/Newspaper\/images\/no-thumb\/thumbnail.png\" alt=\"\"\/><\/a><\/div>\r\n            <div class=\"item-details\">\r\n                <h3 class=\"entry-title td-module-title\"><a href=\"https:\/\/fundacionluisanderson.org\/index.php\/2019\/10\/21\/articulo-oit-america-latina-y-la-oit-indagar-el-pasado-para-entender-el-futuro-del-trabajo\/\" rel=\"bookmark\" title=\"ARTICULO: OIT &#8211; Am\u00e9rica Latina y la OIT: indagar el pasado para entender el futuro del trabajo\">ARTICULO: OIT &#8211; Am\u00e9rica Latina y la OIT: indagar el pasado para entender el...<\/a><\/h3>\r\n                <div class=\"td-module-meta-info\">\r\n                                        <span class=\"td-post-author-name\"><a href=\"https:\/\/fundacionluisanderson.org\/index.php\/author\/fundacion\/\">Fundacion Luis Anderson<\/a> <span>-<\/span> <\/span>                    <span class=\"td-post-date\"><time class=\"entry-date updated td-module-date\" datetime=\"2019-10-21T17:45:18+00:00\" >21 octubre, 2019<\/time><\/span>                    <div class=\"td-module-comments\"><a href=\"https:\/\/fundacionluisanderson.org\/index.php\/2019\/10\/21\/articulo-oit-america-latina-y-la-oit-indagar-el-pasado-para-entender-el-futuro-del-trabajo\/#respond\">0<\/a><\/div>                <\/div>\r\n\r\n                <div class=\"td-excerpt\">\r\n                    Recomendamos el siguiente articulo, publicado en la pagina web de la OIT el 18 de octubre de 2019.\r\nAm\u00e9rica Latina y la OIT: indagar el...                <\/div>\r\n            <\/div>\r\n\r\n        <\/div>\r\n\r\n        \r\n        <div class=\"td_module_16 td_module_wrap td-animation-stack\">\r\n            <div class=\"td-module-thumb\"><a href=\"https:\/\/fundacionluisanderson.org\/index.php\/2019\/10\/14\/desaparicion-fisica-del-companero-santiago-montero\/\" rel=\"bookmark\" class=\"td-image-wrap\" title=\"Desaparici\u00f3n f\u00edsica del compa\u00f1ero Santiago Montero\"><img loading=\"lazy\" decoding=\"async\" width=\"150\" height=\"150\" class=\"entry-thumb\" src=\"https:\/\/fundacionluisanderson.org\/wp-content\/uploads\/2019\/10\/Santiado-Montero-150x150.jpeg\" srcset=\"https:\/\/fundacionluisanderson.org\/wp-content\/uploads\/2019\/10\/Santiado-Montero-150x150.jpeg 150w, https:\/\/fundacionluisanderson.org\/wp-content\/uploads\/2019\/10\/Santiado-Montero-300x300.jpeg 300w, https:\/\/fundacionluisanderson.org\/wp-content\/uploads\/2019\/10\/Santiado-Montero-400x400.jpeg 400w\" sizes=\"(max-width: 150px) 100vw, 150px\" alt=\"\" title=\"Desaparici\u00f3n f\u00edsica del compa\u00f1ero Santiago Montero\"\/><\/a><\/div>\r\n            <div class=\"item-details\">\r\n                <h3 class=\"entry-title td-module-title\"><a href=\"https:\/\/fundacionluisanderson.org\/index.php\/2019\/10\/14\/desaparicion-fisica-del-companero-santiago-montero\/\" rel=\"bookmark\" title=\"Desaparici\u00f3n f\u00edsica del compa\u00f1ero Santiago Montero\">Desaparici\u00f3n f\u00edsica del compa\u00f1ero Santiago Montero<\/a><\/h3>\r\n                <div class=\"td-module-meta-info\">\r\n                                        <span class=\"td-post-author-name\"><a href=\"https:\/\/fundacionluisanderson.org\/index.php\/author\/fundacion\/\">Fundacion Luis Anderson<\/a> <span>-<\/span> <\/span>                    <span class=\"td-post-date\"><time class=\"entry-date updated td-module-date\" datetime=\"2019-10-14T22:30:51+00:00\" >14 octubre, 2019<\/time><\/span>                    <div class=\"td-module-comments\"><a href=\"https:\/\/fundacionluisanderson.org\/index.php\/2019\/10\/14\/desaparicion-fisica-del-companero-santiago-montero\/#respond\">0<\/a><\/div>                <\/div>\r\n\r\n                <div class=\"td-excerpt\">\r\n                    La Fundaci\u00f3n Luis Anderson lamenta profundamente la desaparici\u00f3n f\u00edsica del compa\u00f1ero Santiago Montero. Expresamos nuestro p\u00e9same a su familia, a la familia Fenasep y...                <\/div>\r\n            <\/div>\r\n\r\n        <\/div>\r\n\r\n        \r\n        <div class=\"td_module_16 td_module_wrap td-animation-stack\">\r\n            <div class=\"td-module-thumb\"><a href=\"https:\/\/fundacionluisanderson.org\/index.php\/2019\/07\/10\/aniversario-fla-18\/\" rel=\"bookmark\" class=\"td-image-wrap\" title=\"ANIVERSARIO FLA &#8217;18\"><img loading=\"lazy\" decoding=\"async\" width=\"150\" height=\"150\" class=\"entry-thumb\" src=\"https:\/\/fundacionluisanderson.org\/wp-content\/uploads\/2018\/11\/Foto-de-Luis-Anderson-300x300-150x150.jpg\" srcset=\"https:\/\/fundacionluisanderson.org\/wp-content\/uploads\/2018\/11\/Foto-de-Luis-Anderson-300x300-150x150.jpg 150w, https:\/\/fundacionluisanderson.org\/wp-content\/uploads\/2018\/11\/Foto-de-Luis-Anderson-300x300.jpg 300w\" sizes=\"(max-width: 150px) 100vw, 150px\" alt=\"\" title=\"ANIVERSARIO FLA &#8217;18\"\/><\/a><\/div>\r\n            <div class=\"item-details\">\r\n                <h3 class=\"entry-title td-module-title\"><a href=\"https:\/\/fundacionluisanderson.org\/index.php\/2019\/07\/10\/aniversario-fla-18\/\" rel=\"bookmark\" title=\"ANIVERSARIO FLA &#8217;18\">ANIVERSARIO FLA &#8217;18<\/a><\/h3>\r\n                <div class=\"td-module-meta-info\">\r\n                                        <span class=\"td-post-author-name\"><a href=\"https:\/\/fundacionluisanderson.org\/index.php\/author\/fundacion\/\">Fundacion Luis Anderson<\/a> <span>-<\/span> <\/span>                    <span class=\"td-post-date\"><time class=\"entry-date updated td-module-date\" datetime=\"2019-07-10T21:32:24+00:00\" >10 julio, 2019<\/time><\/span>                    <div class=\"td-module-comments\"><a href=\"https:\/\/fundacionluisanderson.org\/index.php\/2019\/07\/10\/aniversario-fla-18\/#respond\">0<\/a><\/div>                <\/div>\r\n\r\n                <div class=\"td-excerpt\">\r\n                                    <\/div>\r\n            <\/div>\r\n\r\n        <\/div>\r\n\r\n        <\/div><\/div> <!-- .\/block -->[\/vc_column][\/vc_row]<\/p>\n","protected":false},"excerpt":{"rendered":"<p>[vc_row][vc_column][\/vc_column][\/vc_row][vc_row][vc_column][\/vc_column][\/vc_row]<\/p>\n","protected":false},"author":2,"featured_media":0,"parent":0,"menu_order":0,"comment_status":"closed","ping_status":"closed","template":"","meta":{"footnotes":""},"_links":{"self":[{"href":"https:\/\/fundacionluisanderson.org\/index.php\/wp-json\/wp\/v2\/pages\/988"}],"collection":[{"href":"https:\/\/fundacionluisanderson.org\/index.php\/wp-json\/wp\/v2\/pages"}],"about":[{"href":"https:\/\/fundacionluisanderson.org\/index.php\/wp-json\/wp\/v2\/types\/page"}],"author":[{"embeddable":true,"href":"https:\/\/fundacionluisanderson.org\/index.php\/wp-json\/wp\/v2\/users\/2"}],"replies":[{"embeddable":true,"href":"https:\/\/fundacionluisanderson.org\/index.php\/wp-json\/wp\/v2\/comments?post=988"}],"version-history":[{"count":4,"href":"https:\/\/fundacionluisanderson.org\/index.php\/wp-json\/wp\/v2\/pages\/988\/revisions"}],"predecessor-version":[{"id":993,"href":"https:\/\/fundacionluisanderson.org\/index.php\/wp-json\/wp\/v2\/pages\/988\/revisions\/993"}],"wp:attachment":[{"href":"https:\/\/fundacionluisanderson.org\/index.php\/wp-json\/wp\/v2\/media?parent=988"}],"curies":[{"name":"wp","href":"https:\/\/api.w.org\/{rel}","templated":true}]}}